67 a prime number?
False
Is 26957 prime?
False
Is 127 prime?
True
Is 39965 prime?
False
Is 947 prime?
True
Is 400253 prime?
False
Is 785287 prime?
True
Is 201886 prime?
False
Is 65617 a prime number?
True
Is 29473 composite?
False
Is 76991 composite?
False
Is 74 a prime number?
False
Is 114857 a prime number?
False
Is 4091 a prime number?
True
Is 23719 prime?
True
Is 334289 prime?
True
Is 111299 composite?
True
Is 30737 a composite number?
True
Is 98953 prime?
True
Is 610721 a prime number?
True
Is 1177 composite?
True
Is 24907 a prime number?
True
Is 312893 composite?
True
Is 2092559 prime?
False
Is 294143 a prime number?
False
Is 216877 composite?
False
Is 2435 composite?
True
Is 14051 a composite number?
False
Is 10049 prime?
False
Is 84259 a composite number?
True
Is 26539 a prime number?
True
Is 407 a prime number?
False
Is 374059 composite?
True
Is 13045 composite?
True
Is 33287 a prime number?
True
Is 46603 prime?
False
Is 740217 a composite number?
True
Is 730157 a prime number?
True
Is 34253 prime?
True
Is 155159 composite?
True
Is 7543 prime?
False
Is 4789 prime?
True
Is 762703 a prime number?
False
Is 118477 composite?
True
Is 5539 a prime number?
False
Is 60887 a composite number?
False
Is 13519 prime?
False
Is 541249 a prime number?
True
Is 77191 a prime number?
True
Is 72187 composite?
True
Is 13087 composite?
True
Is 3995347 a prime number?
True
Is 24929 a composite number?
True
Is 16811 a composite number?
False
Is 153937 a prime number?
False
Is 162107 prime?
False
Is 51811 prime?
False
Is 4547 a prime number?
True
Is 5374 composite?
True
Is 4621 a composite number?
False
Is 76561 a composite number?
False
Is 466 prime?
False
Is 10247 a composite number?
False
Is 865939 prime?
False
Is 45683 composite?
True
Is 42917 prime?
False
Is 239231 a prime number?
True
Is 37423 a prime number?
True
Is 31919 a composite number?
True
Is 288553 a composite number?
True
Is 23303 a composite number?
True
Is 11818601 a composite number?
False
Is 1004221 a prime number?
True
Is 26311 a prime number?
False
Is 98773 a composite number?
False
Is 333911 a composite number?
False
Is 465437 a prime number?
False
Is 39929 a prime number?
True
Is 2631115 composite?
True
Is 2042107 prime?
True
Is 14141 a prime number?
False
Is 7817 composite?
False
Is 13441 a composite number?
False
Is 48071 a composite number?
True
Is 86537 prime?
False
Is 107021 prime?
True
Is 150949 prime?
False
Is 196961 a prime number?
True
Is 586871 composite?
False
Is 15791 prime?
True
Is 82163 composite?
False
Is 642643 a prime number?
False
Is 45634 prime?
False
Is 7711 a prime number?
False
Is 39073 composite?
True
Is 234199 prime?
False
Is 37781 a composite number?
False
Is 652153 a prime number?
True
Is 674 composite?
True
Is 9079 a composite number?
True
Is 622777 composite?
False
Is 1415887 a prime number?
False
Is 145 composite?
True
Is 33547 prime?
True
Is 75065 a prime number?
False
Is 33691 a composite number?
True
Is 451747 a prime number?
True
Is 5469 a composite number?
True
Is 5828081 a prime number?
False
Is 13591 a prime number?
True
Is 9655 composite?
True
Is 30971 a composite number?
False
Is 12023 a prime number?
False
Is 1561823 a prime number?
True
Is 6317 a prime number?
True
Is 126001 a prime number?
True
Is 662 prime?
False
Is 2174063 a composite number?
False
Is 243229 composite?
True
Is 6239 prime?
False
Is 31495 prime?
False
Is 3149 prime?
False
Is 37171 prime?
True
Is 515663 a prime number?
True
Is 1726883 composite?
False
Is 727747 a composite number?
False
Is 2819 a prime number?
True
Is 304565 composite?
True
Is 6218 a prime number?
False
Is 158458 a composite number?
True
Is 61211 prime?
True
Is 14237 prime?
False
Is 26303 a composite number?
True
Is 550817 a composite number?
True
Is 76303 a composite number?
False
Is 21719 composite?
True
Is 151091 composite?
False
Is 3389 composite?
False
Is 823337 a composite number?
False
Is 803867 a composite number?
False
Is 4391 prime?
True
Is 57637 prime?
True
Is 10903 composite?
False
Is 11363 composite?
True
Is 108791 a prime number?
True
Is 159 composite?
True
Is 90353 prime?
True
Is 1529 prime?
False
Is 16603 a prime number?
True
Is 62729 prime?
False
Is 3160151 prime?
True
Is 100307 prime?
False
Is 94387 a prime number?
False
Is 4109 composite?
True
Is 15389 a composite number?
True
Is 2272019 a prime number?
True
Is 1402927 prime?
False
Is 4583 a composite number?
False
Is 282767 a composite number?
False
Is 301747 composite?
False
Is 10531 prime?
True
Is 1203082 a prime number?
False
Is 4068791 a prime number?
False
Is 29787 a composite number?
True
Is 8407 a composite number?
True
Is 79109 a composite number?
True
Is 29201 prime?
True
Is 286973 composite?
False
Is 130243 prime?
False
Is 648317 a prime number?
True
Is 303969 a composite number?
True
Is 17245 prime?
False
Is 115495 a prime number?
False
Is 17621 a composite number?
True
Is 3799 a composite number?
True
Is 705389 composite?
False
Is 2382323 a composite number?
False
Is 11057 a composite number?
False
Is 20389 prime?
True
Is 8887 a composite number?
False
Is 41278 prime?
False
Is 5879 composite?
False
Is 49947 prime?
False
Is 24169 composite?
False
Is 9293 prime?
True
Is 4897 composite?
True
Is 1196645 composite?
True
Is 244859 a composite number?
False
Is 464513 a composite number?
True
Is 1651 composite?
True
Is 1361 prime?
True
Is 302399 prime?
True
Is 14941 prime?
False
Is 101977 prime?
True
Is 437 prime?
False
Is 1303177 composite?
True
Is 200051 prime?
False
Is 4035359 prime?
True
Is 48563 prime?
True
Is 627663 a composite number?
True
Is 47891 prime?
False
Is 113489 composite?
False
Is 95653 a composite number?
True
Is 627482 composite?
True
Is 93281 prime?
True
Is 574349 a prime number?
False
Is 27611 a prime number?
True
Is 1501 a prime number?
False
Is 167381 composite?
False
Is 44171 prime?
True
Is 309223 a composite number?
False
Is 495959 a composite number?
False
Is 10031 composite?
True
Is 3877 a prime number?
True
Is 110083 composite?
False
Is 537 composite?
True
Is 1497421 a composite number?
False
Is 8737 composite?
False
Is 12938 a prime number?
False
Is 18137 composite?
True
Is 55219 composite?
False
Is 49409 a prime number?
True
Is 11303 a prime number?
False
Is 90499 a prime number?
True
Is 698923 composite?
False
Is 323201 composite?
False
Is 307309 prime?
False
Is 2605 composite?
True
Is 473 a prime number?
False
Is 1847 composite?
False
Is 102463 prime?
False
Is 26309 a prime number?
True
Is 32687 a prime number?
True
Is 32603 a prime number?
True
Is 333541 composite?
True
Is 10637 a composite number?
True
Is 39097 a prime number?
True
Is 810457 a prime number?
True
Is 22247 a composite number?
False
Is 43913 a prime number?
True
Is 634739 a prime number?
False
Is 740171 a prime number?
True
Is 649 a prime number?
False
Is 1973 composite?
False
Is 9839 prime?
True
Is 233837 composite?
False
Is 114967 composite?
False
Is 13859 a composite number?
False
Is 143 prime?
False
Is 295 a prime number?
False
Is 51251 prime?
False
Is 5839 prime?
True
Is 83891 a prime number?
True
Is 307337 a prime number?
True
Is 2371 prime?
True
Is 53561 a prime number?
False
Is 8681 a composite number?
False
Is 167617 prime?
False
Is 1877323 prime?
False
Is 4973902 composite?
True
Is 3989 a prime number?
True
Is 24281 a composite number?
False
Is 921287 a prime number?
True
Is 10133 prime?
True
Is 10973 a prime number?
True
Is 176831 a prime number?
False
Is 84499 prime?
True
Is 7899 a prime number?
False
Is 779435 a composite number?
True
Is 2389 composite?
False
Is 191 a composite number?
False
Is 15769 a prime number?
False
Is 351773 a composite number?
False
Is 5587 a composite number?
True
Is 219839 prime?
True
Is 12581 a prime number?
False
Is 15611 prime?
False
Is 104527 a prime number?
True
Is 306485 prime?
False
Is 21943 composite?
False
Is 724169 a composite number?
True
Is 3691 prime?
True
Is 13235 a composite number?
True
Is 173887 prime?
False
Is 724393 a composite number?
False
Is 19298 a composite number?
True
Is 1847 a prime number?
True
Is 469257 a composite number?
True
Is 166514 prime?
False
Is 1397 a prime number?
False
Is 392162 a prime number?
False
Is 84167 a prime number?
False
Is 507883 composite?
False
